{"id":11,"date":"2025-10-26T10:33:00","date_gmt":"2025-10-26T10:33:00","guid":{"rendered":"https:\/\/akbkonsult.se\/?page_id=11"},"modified":"2025-10-26T18:28:02","modified_gmt":"2025-10-26T18:28:02","slug":"akb-konsult-ab","status":"publish","type":"page","link":"https:\/\/akbkonsult.se\/","title":{"rendered":"AKB Konsult AB"},"content":{"rendered":"\n<p>Anderssons Kraft &amp; Belysning \u00e4r ett r\u00e5dgivande ingenj\u00f6rsbolag som utf\u00f6r konsulttj\u00e4nster inom elteknik.<\/p>\n\n\n\n<p>F\u00f6retaget \u00e5tar sig uppdrag som <strong>auktoriserad elinstallat\u00f6r <\/strong>med \u00f6vergripande ansvar f\u00f6r ledning, kontroll och regelefterlevnad enligt g\u00e4llande lagar och f\u00f6reskrifter. Med auktorisation typ A h\u00f6gsp\u00e4nning omfattas alla elinstallationsarbeten.&nbsp;&nbsp;&nbsp;&nbsp;&nbsp;&nbsp;&nbsp;&nbsp;&nbsp;&nbsp;&nbsp;&nbsp;<\/p>\n\n\n\n<p>Uppdraget som <strong>auktoriserad elinstallat\u00f6r<\/strong> omfattar:<\/p>\n\n\n\n<ul class=\"wp-block-list\">\n<li>f\u00f6lja upp att f\u00f6retaget arbetar enligt egenkontrollprogram (Els\u00e4kerhetslagen 2016:732 och ELS\u00c4K\u2011FS)<\/li>\n\n\n\n<li>verifiera personalens kompetens och beh\u00f6righet<\/li>\n\n\n\n<li>samordna med f\u00f6retagsledningen s\u00e5 att arbetet utf\u00f6rs s\u00e4kert och fackmannam\u00e4ssigt<\/li>\n\n\n\n<li>bist\u00e5 med tekniskt st\u00f6d och r\u00e5dgivning samt myndighetskontakter<\/li>\n<\/ul>\n\n\n\n<p><\/p>\n\n\n\n<p>F\u00f6retaget utf\u00f6r uppdrag i hela Sverige.<\/p>\n\n\n\n<p>AKB Konsult \u00e4r bel\u00e4get i G\u00f6teborgsomr\u00e5det.<\/p>\n\n\n\n<p>Kontakt: Marcus Andersson<\/p>\n\n\n\n<p>E-post:<em> marcus.andersson@akbkonsult.se<\/em><\/p>\n\n\n\n<p>Webb: <em>https:\/\/akbkonsult.se<\/em><\/p>\n\n\n\n<p><\/p>\n\n\n\n<p><\/p>\n\n\n\n<p><\/p>\n","protected":false},"excerpt":{"rendered":"<p>Anderssons Kraft &amp; Belysning \u00e4r ett r\u00e5dgivande ingenj\u00f6rsbolag som utf\u00f6r konsulttj\u00e4nster inom elteknik. F\u00f6retaget \u00e5tar sig uppdrag som auktoriserad elinstallat\u00f6r med \u00f6vergripande ansvar f\u00f6r ledning, kontroll och regelefterlevnad enligt g\u00e4llande lagar och f\u00f6reskrifter. Med auktorisation typ A h\u00f6gsp\u00e4nning omfattas alla elinstallationsarbeten.&nbsp;&nbsp;&nbsp;&nbsp;&nbsp;&nbsp;&nbsp;&nbsp;&nbsp;&nbsp;&nbsp;&nbsp; Uppdraget som auktoriserad elinstallat\u00f6r omfattar: F\u00f6retaget utf\u00f6r uppdrag i hela Sverige. AKB Konsult \u00e4r [&hellip;]<\/p>\n","protected":false},"author":1,"featured_media":22,"parent":0,"menu_order":0,"comment_status":"closed","ping_status":"closed","template":"","meta":{"footnotes":""},"class_list":["post-11","page","type-page","status-publish","has-post-thumbnail","hentry"],"_links":{"self":[{"href":"https:\/\/akbkonsult.se\/index.php\/wp-json\/wp\/v2\/pages\/11","targetHints":{"allow":["GET"]}}],"collection":[{"href":"https:\/\/akbkonsult.se\/index.php\/wp-json\/wp\/v2\/pages"}],"about":[{"href":"https:\/\/akbkonsult.se\/index.php\/wp-json\/wp\/v2\/types\/page"}],"author":[{"embeddable":true,"href":"https:\/\/akbkonsult.se\/index.php\/wp-json\/wp\/v2\/users\/1"}],"replies":[{"embeddable":true,"href":"https:\/\/akbkonsult.se\/index.php\/wp-json\/wp\/v2\/comments?post=11"}],"version-history":[{"count":8,"href":"https:\/\/akbkonsult.se\/index.php\/wp-json\/wp\/v2\/pages\/11\/revisions"}],"predecessor-version":[{"id":36,"href":"https:\/\/akbkonsult.se\/index.php\/wp-json\/wp\/v2\/pages\/11\/revisions\/36"}],"wp:featuredmedia":[{"embeddable":true,"href":"https:\/\/akbkonsult.se\/index.php\/wp-json\/wp\/v2\/media\/22"}],"wp:attachment":[{"href":"https:\/\/akbkonsult.se\/index.php\/wp-json\/wp\/v2\/media?parent=11"}],"curies":[{"name":"wp","href":"https:\/\/api.w.org\/{rel}","templated":true}]}}